
Let o(k) = -k + 40. Determine o(52).
-12
Let r(d) = -6*d - 6. Determine r(12).
-78
Let d(n) = n**2 - 15*n + 19. Give d(12).
-17
Let i(p) = 6*p**2 - 37*p - 39. What is i(7)?
-4
Let b(w) = w**2 + 6*w - 7. What is b(-5)?
-12
Let v(b) = b**3 - 9*b**2 - b + 73. Calculate v(8).
1
Let d(r) = 4*r**2 + 2*r - 10. Determine d(2).
10
Let p(q) = 15*q - 345. Determine p(25).
30
Let t(s) = 2*s - 6. Give t(-2).
-10
Let a(h) = h**3 - 2*h**2 - 19*h + 10. Give a(5).
-10
Let k(p) = p**3 - 22*p**2 - 22*p - 5. What is k(23)?
18
Let t(z) = z**2 - 5*z - 1. What is t(5)?
-1
Let i(k) = -k**3 - k**2 - 12. Determine i(0).
-12
Let m(q) = q + 14. What is m(-24)?
-10
Let n(d) = -22*d + 16. Give n(10).
-204
Let u(j) = -j**3 - 20*j**2 + 6. Give u(-20).
6
Let y(o) = o + 34. Determine y(-40).
-6
Let z(u) = u**3 - 19*u**2 - 2*u + 43. What is z(19)?
5
Let q(y) = y**3 + y**2 + 7*y + 6. Calculate q(-2).
-12
Let k(u) = 5*u - 81. Determine k(11).
-26
Let t(d) = -10*d + 94. Calculate t(9).
4
Let y(m) = -26*m + 138. Determine y(5).
8
Let d(c) = -c**2 + 2*c + 5. What is d(0)?
5
Let z(n) = -5*n + 11. Give z(0).
11
Let s(i) = i**2 + i - 29. What is s(0)?
-29
Let f(v) = -v**3 + 10*v**2 - 6*v + 19. What is f(9)?
46
Let o(x) = -x**3 + 6*x + 2. Give o(0).
2
Let l(p) = p**3 + 15*p**2 + 22*p + 68. Calculate l(-14).
-44
Let i(l) = l**3 - 23*l**2 - 20*l - 90. Give i(24).
6
Let k(q) = -q**3 + 16*q**2 + 19*q - 17. Determine k(17).
17
Let a(t) = t**3 - 2*t**2 - 10*t - 34. What is a(5)?
-9
Let d(l) = -2*l**2 + l - 1. Determine d(-2).
-11
Let m(p) = -p**3 - 9*p**2 + 12*p + 6. Give m(-10).
-14
Let o(n) = -7*n**3 + n**2 - n. Give o(-1).
9
Let i(v) = -v**2 - 9*v + 12. Calculate i(-9).
12
Let x(q) = q**3 - 10*q**2 - 24*q + 7. Determine x(12).
7
Let b(d) = -d**3 - 20*d**2 + 19*d - 50. Calculate b(-21).
-8
Let a(w) = -14*w - 1. What is a(-1)?
13
Let a(b) = 3*b + 3. Determine a(-4).
-9
Let y(o) = -o**3 + 43*o**2 - 305*o - 23. Calculate y(34).
11
Let f(i) = i**2 - 9*i - 5. What is f(8)?
-13
Let s(o) = -o**2 + 23*o - 79. Calculate s(19).
-3
Let b(g) = g**2 - 9*g + 12. Calculate b(7).
-2
Let h(y) = -2*y**2 - 21*y - 3. Calculate h(-10).
7
Let s(d) = -d + 7. Determine s(-1).
8
Let j(o) = o**3 + 9*o**2 + 7*o - 10. Determine j(-8).
-2
Let x(g) = -g**2 + 4*g. Calculate x(5).
-5
Let q(z) = 2*z**2 - 56*z + 366. Give q(18).
6
Let h(b) = -b + 4. Determine h(-9).
13
Let o(m) = -3*m - 26. What is o(-13)?
13
Let x(a) = -5*a + 25. Calculate x(8).
-15
Let i(l) = -l**3 + 20*l**2 - 20*l - 3. What is i(19)?
-22
Let q(f) = f**2 - 14. Determine q(0).
-14
Let g(q) = -q**2 + 100*q - 822. Determine g(9).
-3
Let l(x) = 2*x**2 + 28*x - 1. Give l(-14).
-1
Let m(r) = 2*r**3 - 46*r**2 + r - 25. Calculate m(23).
-2
Let b(u) = u**2 + 6*u + 3. Determine b(-5).
-2
Let i(b) = 14*b + 5. Calculate i(0).
5
Let k(c) = 5*c - 177. What is k(32)?
-17
Let l(j) = -9*j**2 - 72*j - 2. What is l(-8)?
-2
Let w(m) = 16*m + 24. Calculate w(-1).
8
Let m(d) = d**3 - 5*d**2 + 3*d - 3. Calculate m(4).
-7
Let n(t) = -t**3 - 11*t**2 - 9*t + 1. Calculate n(-10).
-9
Let b(c) = 35*c + 64. Calculate b(-2).
-6
Let b(d) = 5*d**2 - 7*d - 11. What is b(4)?
41
Let w(t) = -5*t - 17. Give w(-6).
13
Let y(g) = g**3 - 11*g**2 + 8*g + 17. What is y(10)?
-3
Let j(x) = x**3 - 5*x**2 - 5*x + 15. Give j(4).
-21
Let t(x) = -x**3 + x**2 - 7*x + 2. Determine t(0).
2
Let f(l) = -l**3 - 7*l**2 - 18*l - 7. Give f(-3).
11
Let b(r) = r**3 - r + 10. What is b(0)?
10
Let c(a) = -a**3 + 8*a**2 + 17*a + 31. Determine c(10).
1
Let f(p) = p**2 + 4*p - 4. Determine f(-8).
28
Let n(m) = -m + 6. What is n(10)?
-4
Let h(m) = -m**2 + 16*m - 28. Determine h(15).
-13
Let m(x) = -3*x + 3. Determine m(-3).
12
Let n(u) = -2*u**3 - u - 19. Give n(0).
-19
Let r(v) = 4*v**3 + 3*v**2 + 3*v + 1. Determine r(-2).
-25
Let y(w) = -14*w - 485. What is y(-35)?
5
Let n(h) = h + 47. Determine n(0).
47
Let q(c) = c**2 - 7*c - 8. What is q(6)?
-14
Let j(a) = -a + 19. Calculate j(5).
14
Let l(g) = 19*g - 106. Determine l(6).
8
Let h(t) = -t**3 - 22*t**2 - 72*t - 3. What is h(-18)?
-3
Let x(s) = -19*s**3 - s**2 + 1. Determine x(1).
-19
Let t(o) = -26*o + 11. Calculate t(-6).
167
Let v(i) = i**2 + 17*i + 6. Give v(-17).
6
Let s(l) = -4*l + 160. What is s(41)?
-4
Let q(w) = w**3 + 31*w**2 - 38*w - 195. What is q(-32)?
-3
Let j(d) = -6*d - 17. Determine j(-4).
7
Let y(s) = -s**3 + 3*s - 5. Determine y(3).
-23
Let f(c) = c**2 + 109*c + 318. Calculate f(-3).
0
Let v(b) = b**2 + 2*b + 5. What is v(-5)?
20
Let d(s) = 16*s + 97. What is d(-5)?
17
Let d(t) = t**3 + 26*t**2 - 3*t - 72. Determine d(-26).
6
Let v(t) = 16*t - 5. Calculate v(0).
-5
Let z(a) = 4*a - 30. Give z(5).
-10
Let v(u) = 2*u**3 + 14*u**2 - 18*u - 4. Calculate v(-8).
12
Let y(d) = d**2 + 11*d - 6. Give y(-12).
6
Let g(t) = -2*t + 2. Determine g(1).
0
Let l(v) = -v**2 - 65*v - 348. Give l(-6).
6
Let p(y) = -y**3 - 25*y**2 - 31*y + 1. Give p(-24).
169
Let i(f) = 8*f + 4. Determine i(3).
28
Let p(x) = x**3 - 7*x**2 - 9*x - 10. Calculate p(8).
-18
Let c(j) = -j**3 - 2*j + 1. Give c(-2).
13
Let f(y) = y**3 + y**2 + 2. Determine f(-2).
-2
Let j(o) = -o**2 - 5*o - 5. Determine j(-6).
-11
Let s(u) = 4*u + 29. Calculate s(-5).
9
Let l(r) = r**3 - 28*r**2 + 61*r - 233. Give l(26).
1
Let q(l) = -l**2 - 8*l - 13. Determine q(-9).
-22
Let n(y) = -y**2 - 8*y + 6. What is n(-8)?
6
Let q(c) = c**3 + 16*c**2 + 16*c + 15. Calculate q(-15).
0
Let x(p) = 21*p + 137. Give x(-7).
-10
Let c(a) = -a**2 + 12*a + 16. Give c(11).
27
Let i(x) = -2*x**3 + 17*x**2 - 11*x + 15. Determine i(8).
-9
Let r(x) = -6*x**2 + 13*x - 21. Give r(2).
-19
Let c(i) = i**3 - 4*i**2 + 3*i - 3. Determine c(3).
-3
Let b(n) = -22*n + 156. What is b(7)?
2
Let j(q) = q**3 - 5*q**2 + 6*q - 4. Give j(4).
4
Let m(b) = b**3 - 3*b**2 + 3*b. What is m(2)?
2
Let f(v) = -v + 12. Determine f(6).
6
Let j(f) = -f**3 + 19*f**2 - 3. What is j(19)?
-3
Let x(m) = m**3 - 8*m**2 + 10*m + 2. Give x(7).
23
Let b(w) = w**2 + 12*w + 18. Give b(-15).
63
Let s(y) = -12*y**2 - 58*y + 17. Determine s(-5).
7
Let v(d) = 2*d**3 - 13*d**2 - 5*d + 6. Determine v(7).
20
Let t(j) = j**2 + 28*j - 88. Give t(-31).
5
Let p(q) = 2*q**2 + q - 8. What is p(-5)?
37
Let p(z) = -25*z**3 + z. Determine p(1).
-24
Let m(k) = k**2 + 14*k - 29. Calculate m(-14).
-29
Let g(m) = -m**2 + 10*m + 12. Calculate g(8).
28
Let k(i) = -8*i - 3. Give k(1).
-11
Let r(c) = -5*c - 32. Calculate r(-7).
3
Let y(i) = -i**3 - 59*i**2 + 5*i + 286. Give y(-59).
-9
Let m(c) = -36*c - 36. Give m(-2).
36
Let n(l) = 8*l - 41. Give n(5).
-1
Let s(o) = 12*o - 55. Determine s(7).
29
Let c(r) = -r**3 + 17*r**2 - 14*r - 29. Determine c(16).
3
Let z(g) = 3*g**3 + 7*g**2 - 2*g + 11. What is z(-3)?
-1
Let v(m) = -m**3 + 6*m**2 - m - 15. Calculate v(4).
13
Let a(n) = -6*n + 18. Calculate a(4).
-6
Let l(d) = -d**3 - 10*d**2 + 5*d. Give l(-10).
-50
Let l(u) = u**2 + 11*u + 14. Calculate l(-11).
14
Let k(z) = -z**2 - 12*z - 4. Give k(-15).
-49
Let o(v) = 2*v**2 - 10*v - 39. Give o(8).
9
Let u(m) = 41*m - 447. Determine u(11).
4
Let y(m) = -m**2 + 35*m + 52. What is y(36)?
16
Let r(w) = -w**2 - 7*w + 84. What is r(-13)?
6
Let r(x) = -3*x**2 - 42*x - 101. Give r(-11).
-2
Let t(m) = -m**3 + 2*m**2 + 2*m + 2. Give t(4).
-22
Let n(m) = m**3 + 5*m**2 + m - 10. Calculate n(-5).
-15
Let r(l) = 2*l - 15. Calculate r(7).
-1
Let t(d) = 4*d**2 - 2*d - 2. Give t(2).
10
Let y(m) = -16*m - 9. Calculate y(4).
-73
Let t(r) = r**2 + 9*r - 64. What is t(-14)?
6
Let a(h) = -h**2 - 3. Determine a(3).
-12
Let a(i) = -20*i - 6. Give a(1).
-26
Let v(w) = -w**2 - 13*w - 11. What is v(-8)?
29
Let r(c) = 71*c**2 + c. Give r(1).
72
Let z(s) = s**3 - 30*s**2 - 30*s - 32. Calculate z(31).
-1
Let g(m) = m**2 + 19*m - 46. What is g(-20)?
-26
Let f(g) = -g**2 - 7*g - 6. Determine f(9).
-150
Let a(h) = -h**3 + 14*h**2 + 35*h - 21. Give a(16).
27
Let c(v) = v**3 + 9*v**2 + 8*v + 18. Determine c(-5).
78
Let j(z) = -12*z - 12. Calculate j(0).
-12
Let g(i) = 9*i**2 + 51*i - 16. Calculate g(-6).
2
Let i(y) = y**3 + 16*y**2 - 32*y + 54. What is i(-18)?
-18
Let p(z) = z**3 + 4*z**2 + 4*z - 1. Calculate p(-4).
-17
Let z(n) = -n**2 - 5*n + 3. Give z(-2).
9
Let z(l) = -3*l + 53. Give z(19).
-4
Let h(x) = -x + 6. Calculate h(6).
0
Let d(v) = 29*v - 1. Determine d(-1).
-30
Let r(t) = t**3 - 6*t**2 - 31*t - 92. Determine r(10).
-2
L